 prime number?
False
Is 12824495 composite?
True
Is 56097949 a prime number?
True
Is 699313 a composite number?
True
Is 650628037 a composite number?
True
Is 9370687 a composite number?
True
Is 643731119 prime?
False
Is 2532749 prime?
False
Is 211601783 prime?
False
Is 102387709 prime?
True
Is 121732669 prime?
True
Is 65895749 a prime number?
True
Is 20521243 a composite number?
True
Is 4195145 composite?
True
Is 362150101 a composite number?
False
Is 1714481 a prime number?
False
Is 8194273 prime?
False
Is 49292051 composite?
True
Is 136796473 a composite number?
True
Is 5335919 composite?
False
Is 26335813 a prime number?
False
Is 400409 a composite number?
False
Is 200542709 a composite number?
False
Is 22502299 a prime number?
True
Is 18973 a composite number?
False
Is 28952137 prime?
True
Is 53558573 composite?
True
Is 70525631 prime?
False
Is 68143813 composite?
False
Is 705384727 a prime number?
True
Is 1009727 a prime number?
True
Is 51747067 a composite number?
False
Is 8709443 a prime number?
True
Is 8628271 composite?
False
Is 19841 a prime number?
True
Is 6587629 a prime number?
True
Is 44361511 a composite number?
False
Is 22133323 a composite number?
False
Is 7927393 a prime number?
True
Is 9726313 composite?
False
Is 5412689 prime?
True
Is 339770947 a composite number?
False
Is 9048379 a prime number?
True
Is 2443589 composite?
True
Is 4875613 a prime number?
True
Is 41465303 prime?
False
Is 784510009 composite?
False
Is 309451963 a composite number?
True
Is 128500193 a composite number?
False
Is 1460899139 a composite number?
True
Is 3953707 prime?
False
Is 45993053 a prime number?
False
Is 1533761 composite?
True
Is 5060386 prime?
False
Is 11213281 prime?
True
Is 29183969 a prime number?
True
Is 183054241 a composite number?
True
Is 13598341 a prime number?
False
Is 5744659 a composite number?
False
Is 1565363 composite?
True
Is 1530021 composite?
True
Is 24574073 composite?
False
Is 25971809 prime?
True
Is 16425667 a prime number?
True
Is 1293613 prime?
True
Is 1898789 a composite number?
True
Is 2353639 composite?
False
Is 2413849 composite?
False
Is 3216119 a composite number?
False
Is 67162867 a prime number?
True
Is 39142049 prime?
True
Is 3980653 composite?
False
Is 721012153 prime?
False
Is 10648021 a prime number?
True
Is 1467073835 composite?
True
Is 66623131 a composite number?
False
Is 236388651 composite?
True
Is 165023 prime?
False
Is 24587341 a prime number?
True
Is 134623 composite?
True
Is 32786581 a composite number?
False
Is 1482589 a prime number?
False
Is 8365979 prime?
True
Is 7090201 composite?
False
Is 20592107 composite?
True
Is 2340559 composite?
True
Is 95478391 composite?
True
Is 117765427 composite?
True
Is 100541291 prime?
True
Is 6281537 a prime number?
True
Is 1821773 prime?
False
Is 772019 composite?
False
Is 22784821 prime?
False
Is 16533007 prime?
False
Is 1612439 a prime number?
True
Is 2697733 prime?
True
Is 30834794 a prime number?
False
Is 13864633 prime?
False
Is 29182171 composite?
True
Is 187560355 a composite number?
True
Is 26299049 a prime number?
False
Is 53327123 prime?
True
Is 89539517 composite?
False
Is 76088809 prime?
True
Is 1679201 a composite number?
True
Is 225663251 a composite number?
True
Is 281467 a prime number?
False
Is 627215177 prime?
True
Is 13435129 prime?
False
Is 7386971 prime?
False
Is 16280269 prime?
True
Is 2408009 a prime number?
True
Is 21039701 prime?
True
Is 3927397 a prime number?
False
Is 39023429 a composite number?
False
Is 1353629 a prime number?
True
Is 307387 composite?
True
Is 27843779 prime?
False
Is 19976251 a composite number?
True
Is 32683993 a composite number?
True
Is 31246351 composite?
True
Is 41061041 composite?
True
Is 3258743 a composite number?
False
Is 5878333 a prime number?
True
Is 102580553 a prime number?
True
Is 1809671 a composite number?
False
Is 112762781 a prime number?
False
Is 2626889 a prime number?
False
Is 412990757 a composite number?
True
Is 111618271 a prime number?
True
Is 45967789 composite?
True
Is 2896241 a prime number?
True
Is 8680255 a composite number?
True
Is 896033 a prime number?
False
Is 4311119 a prime number?
False
Is 7314061 a composite number?
True
Is 68168627 a composite number?
True
Is 964787413 prime?
False
Is 220954 composite?
True
Is 6371051 composite?
False
Is 157017403 a composite number?
True
Is 6049783 prime?
False
Is 521206459 a composite number?
False
Is 110044343 a prime number?
False
Is 5259887 a prime number?
True
Is 1902497 a prime number?
True
Is 1261967 prime?
False
Is 2131223 composite?
False
Is 34108913 a composite number?
False
Is 251373365 a prime number?
False
Is 30197893 composite?
True
Is 7355389 a composite number?
True
Is 134534207 a prime number?
True
Is 6844443 composite?
True
Is 7202071 composite?
True
Is 8792759 prime?
False
Is 1240653 prime?
False
Is 163946698 a prime number?
False
Is 9872813 prime?
False
Is 4096987 a composite number?
True
Is 102452029 prime?
False
Is 131100771 prime?
False
Is 127578793 prime?
True
Is 10483813 a prime number?
False
Is 89450597 a composite number?
False
Is 390608513 a composite number?
True
Is 547529 a prime number?
True
Is 1114517 a prime number?
False
Is 7861201 a prime number?
True
Is 3974833 prime?
True
Is 1728571 prime?
False
Is 1072248733 composite?
False
Is 4269653 composite?
True
Is 3506351 prime?
True
Is 5267699 composite?
False
Is 133072427 a prime number?
False
Is 16764571 a composite number?
True
Is 613623793 a prime number?
False
Is 1674797 composite?
False
Is 38497603 prime?
True
Is 14090789 a composite number?
True
Is 42783073 a composite number?
True
Is 29707631 composite?
False
Is 7162339 a prime number?
True
Is 17988521 prime?
True
Is 446466259 composite?
True
Is 11257739 prime?
False
Is 3709661 a prime number?
True
Is 110394637 composite?
False
Is 8281235 a composite number?
True
Is 112481513 a composite number?
False
Is 20037211 a prime number?
True
Is 43255901 a prime number?
False
Is 162012311 prime?
True
Is 156053451 prime?
False
Is 4376663 prime?
True
Is 3389599 prime?
False
Is 9176803 a composite number?
False
Is 21396007 a prime number?
False
Is 25433557 a prime number?
True
Is 43291 prime?
True
Is 43740959 a prime number?
False
Is 54596929 a composite number?
False
Is 382946257 a composite number?
False
Is 1036979 a prime number?
True
Is 213745357 a composite number?
True
Is 164097707 composite?
True
Is 14091173 a prime number?
True
Is 120766379 a composite number?
False
Is 173867 a composite number?
False
Is 32106109 a composite number?
True
Is 26113033 a prime number?
True
Is 8486311 a composite number?
True
Is 7039 composite?
False
Is 126406909 a prime number?
False
Is 10316519 prime?
True
Is 46779245 a composite number?
True
Is 5341769 composite?
False
Is 4515985 a composite number?
True
Is 64224361 a composite number?
False
Is 7784303 a prime number?
True
Is 80046581 a composite number?
True
Is 62322529 a prime number?
False
Is 72036311 a prime number?
True
Is 15004781 a prime number?
False
Is 1277173 a composite number?
True
Is 2221663 composite?
True
Is 242845991 a composite number?
False
Is 184197341 a composite number?
False
Is 94564543 a composite number?
True
Is 47708617 a prime number?
False
Is 27066779 a composite number?
False
Is 7254881 a prime number?
True
Is 60483407 a composite number?
True
Is 177774242 a composite number?
True
Is 188857 composite?
False
Is 45857719 a prime number?
True
Is 62266541 composite?
False
Is 3127589 composite?
True
Is 24803437 a prime number?
False
Is 608287 prime?
False
Is 149254619 composite?
True
Is 7957013 composite?
False
Is 208049 a composite number?
False
Is 865441 prime?
False
Is 1826953 a prime number?
False
Is 7459833 prime?
False
Is 1411519 composite?
False
Is 160907101 composite?
True
Is 203107 a composite number?
True
Is 2445043 a prime number?
True
Is 4714973 a prime number?
True
Is 2089417 prime?
False
Is 6777461 prime?
True
Is 255233497 prime?
True
Is 2559277 composite?
True
Is 5008259 prime?
True
Is 50514193 a prime number?
True
Is 6283789 a prime number?
False
Is 49547081 a composite number?
True
Is 75527 a prime number?
True
Is 2011361 a prime number?
False
Is 673237 composite?
True
Is 1948267 prime?
True
Is 641303 composite?
True
Is 4989779 a 